d by 32.
29
Let z(q) = q**3 - 17*q**2 + 3. Let o(t) = 2*t - 1. Let y be o(9). Suppose 0 = 5*x + 5, 25 = -4*j - 5*x + 40. What is the remainder when j is divided by z(y)?
2
Suppose -58*a = -31*a - 8370. Calculate the remainder when a is divided by 13.
11
Suppose 0 = n - a + 5, 0 = -3*n - 0*n + 4*a - 15. Calculate the remainder when 7 is divided by (n - (30/(-6) - 1))*3.
1
Calculate the remainder when -20 + (-24)/(-36)*1020 is divided by 49.
23
Suppose 348 = 5*h + 43. Suppose -33 + 114 = -3*w - 3*r, -w - 5*r - 31 = 0. Let p = h + w. What is the remainder when p is divided by 9?
8
Suppose 5*y - 40998 = -2*i, y - 4*i - 8201 = -3*i. What is the remainder when y is divided by 2732?
4
Suppose 2*w - 36 = 2*g, 3*g - 46 = 5*g - 4*w. Let v = -53 - -175. Let z = v + g. Calculate the remainder when z is divided by 28.
25
Let r(y) = 7*y**2 - 29*y + 38. Suppose -4*q - 15*f = -13*f - 14, -9 = -3*q - 2*f. Calculate the remainder when 270 is divided by r(q).
66
Suppose 7*o = 28*o - 567. Suppose o*b - 130 = 383. Calculate the remainder when 112 is divided by b.
17
Suppose 21 = 3*i - 9. Suppose n - i = 15. Calculate the remainder when (198/63 + -6)*(-19 + 5) is divided by n.
15
Calculate the remainder when ((-311)/2)/(16/(-70 + 6)) is divided by 21.
13
Let y be 3 + 36 + -1 + (6 - 3). Suppose -4*d - y = -93. Calculate the remainder when 23 is divided by d.
10
Suppose 0 = -2*g + 10, y - g - 26 + 31 = 0. Suppose y*o - 5*q = 4*o - 268, -4*o + 304 = -4*q. Calculate the remainder when o is divided by 37.
35
Let j(p) = -2*p**3 - p - 1. Suppose o + o = 10, -2*o + 15 = -5*u. Calculate the remainder when (-1760)/(-297) - 2/(-27) is divided by j(u).
0
What is the remainder when (-2 - 212/3)*-9 - (-2 - -8) is divided by 212?
12
Let u(k) = -k**3 + 30*k**2 - 107*k + 85. What is the remainder when 1184 is divided by u(26)?
1
Suppose -3*l + 60 = 2*k - 3*k, -l + 20 = 3*k. Let y = 196 - -272. Calculate the remainder when (y/15)/(2/5) is divided by l.
18
Suppose 8*x = 12*x - h - 12, 3*h - 12 = -4*x. Suppose -6*k + 4*m = -3*k - 263, -m = -x*k + 257. Calculate the remainder when k is divided by 48.
37
Let u be 12/(-8)*2/(-3). Let h(m) = -m + 3*m - 2*m + m**3 + 6*m**2 - 5*m**2 - 2*m + 1. Calculate the remainder when 1 is divided by h(u).
0
Suppose 46*n = -56*n - 32*n + 22512. Calculate the remainder when 296 is divided by n.
128
Let k(c) = -c**2 + 3*c + 2. Let z be k(-1). Let i(f) = -6*f**2 - 23*f - 6. Calculate the remainder when i(z) is divided by 10.
6
Let a(r) = 14*r - 199. Let w be a(13). Calculate the remainder when (53 + w)*21/9 is divided by 11.
7
Suppose -3*g + 89 + 202 = d, -2*d = g - 107. Calculate the remainder when 3987 is divided by g.
92
Let u be (-3)/4 - (383/(-4) - -5). Suppose -v - 9*v = -u. Let h(l) = l**2 - 7*l + 16. Calculate the remainder when v is divided by h(4).
1
Let t(f) = -2*f**3 + 27*f**2 + 15*f - 30. Let i be t(14). What is the remainder when 3*i/(-24)*89/2 is divided by 14?
5
Suppose -32*o + 6062 + 7506 = 0. What is the remainder when 849 is divided by o?
1
Let n = -26757 + 28723. Calculate the remainder when n is divided by 34.
28
Let t = 92 - 12. Let l(z) = 189*z - 77. Let j(v) = 10*v - 4. Let k(b) = -56*j(b) + 3*l(b). What is the remainder when t is divided by k(4)?
17
Suppose -75*n + 8049 - 4729 = -20380. What is the remainder when 956 is divided by n?
8
Let j = -668 - -1565. What is the remainder when j is divided by 89?
7
Let v = 15141 + -15137. Let c = 6 + -4. Suppose -84 = -2*y + c. Calculate the remainder when y is divided by v.
3
Let b(k) = k**2 - 1. Suppose i = 2*m + 106, 439 = 3*i + i - 5*m. What is the remainder when i is divided by b(6)?
11
Suppose 4*m + 33 - 425 = 2*o, 3*m - 294 = 3*o. Let q = 32 - 4. What is the remainder when m is divided by q?
14
Suppose a + 2*f - f - 60 = 0, 2*a - 113 = 5*f. Let d(b) = b**3 + 15*b**2 + 14*b + 12. Let h = -7 + -7. What is the remainder when a is divided by d(h)?
11
Suppose 376 = h + h. Suppose -189*n = -h*n - 216. What is the remainder when n is divided by 31?
30
Suppose -927 + 176 = -7*o + 782. What is the remainder when o is divided by 20?
19
Let s = 9 + -9. Let j be ((-2)/3)/(s - 5/270). Let a = j + 5. What is the remainder when 161 is divided by a?
38
Suppose 2*y - 4*x - 30 = 0, 4*x - 22 = 17*y - 19*y. Suppose -c + y*c = 360. What is the remainder when 115 is divided by c?
25
Suppose -3*h - 58 = -4*m, -8*m = 4*m + 2*h - 240. Calculate the remainder when 148 is divided by m.
15
Suppose 0 = 3*v - 2*k + 10, -2*v - 6*k = -2*k + 12. Calculate the remainder when v/(4/(-235)) + -4 - 1 is divided by 21.
20
Let b(i) = 11*i**2 - 629*i + 3788. Calculate the remainder when b(6) is divided by 170.
70
Let c(l) = -13*l + 72. Suppose -2578 = -5*f + 3*r, 3*f - f + 3*r - 1048 = 0. Calculate the remainder when f is divided by c(4).
18
Suppose -2274 = 131*k - 125*k. Let s = k - -401. What is the remainder when (-14 + 2)*10/(-3) is divided by s?
18
Let b(l) = -l**2 + 9*l + 5. Let g(r) = -2*r**2 + 17*r - 21. Let z be g(7). What is the remainder when 13 is divided by b(z)?
3
Let m(p) = 4*p**2 + 8*p - 9. Let x be m(-8). Let c = x + -166. What is the remainder when 79 is divided by c?
11
Let a = -249 + 492. Suppose a = 5*n + 93. What is the remainder when 98 is divided by n?
8
Suppose 0 = -26*l + 27*l + 129. Let c = -87 - l. What is the remainder when 58 is divided by c?
16
Let p = -5439 - -5451. Let z = 1 - -2. Suppose -38 = -z*c + 5*f - 2, -2*c - 3*f = -5. Calculate the remainder when p is divided by c.
5
Suppose 1748*x - 58344 = 1736*x. Calculate the remainder when x is divided by 304.
302
Suppose p + 29*l - 44 = 28*l, 3*p + l - 144 = 0. What is the remainder when 3362 is divided by p?
12
Let m = 323 - 473. Let i = 166 + m. Suppose -3*z + 6*z + 174 = 4*d, -3*z - 216 = -5*d. Calculate the remainder when d is divided by i.
10
Suppose 37 = -2*i + 605. Let p = i + -257. Calculate the remainder when 62 is divided by p.
8
Let f(o) = -23*o - 1. Let s(z) = 4*z - 5. Suppose -4*b + 21 = -4*w + 1, 5*b - 53 = -2*w. Calculate the remainder when f(-4) is divided by s(b).
29
Let g(q) = q**2 - 23*q - 513. Calculate the remainder when 413 is divided by g(-21).
2
Suppose 12431 = 20*m - 11648 + 1799. What is the remainder when m is divided by 278?
2
Let k = -141 - -168. Suppose 3*t = 3 + k. Calculate the remainder when 27 is divided by t.
7
Let a = 353 - -433. Suppose 0 = -8*b + 2*b + a. Calculate the remainder when b is divided by -62*(-2)/4 + 2.
32
Suppose 2*b - s - 140 = 0, 15*b + 3*s = 13*b + 132. Calculate the remainder when b is divided by 6.
3
Let h be 46*4/6*(-45)/(-6). Let r = 273 - h. Calculate the remainder when 140 is divided by r.
11
Let r(p) = -2*p**2 + 27*p - 11. Let y be r(13). Suppose 5*s - y*g - 33 = -14, g + 2 = s. What is the remainder when 7 is divided by s?
2
Let v(i) = -i**2 + 27*i - 50. Let q be v(25). Suppose -4*m = q, s - 125 = 3*m - 7*m. What is the remainder when s is divided by 32?
29
Suppose -3*p + 7 = -5. Let u be (-338)/(6/(-2) + (-1 - -3)). Let w = u - 327. What is the remainder when w is divided by p?
3
Let n(c) = -30*c**2 + 12*c + 54. Let t be n(6). Let p = t - -1619. Calculate the remainder when p is divided by 29.
27
Calculate the remainder when (120 - 122) + (1 - -113) is divided by 31.
19
Let r(c) = 15*c**2 - 8*c + 1. Let k be r(-5). Let g = -214 - k. Calculate the remainder when (-5 - (-88)/24)*g/4 is divided by 53.
51
Let t = -264 + 261. What is the remainder when 180 + (1 - (2 + t)*0) is divided by 38?
29
Let a(p) = -p**2 - 137*p + 21908. What is the remainder when a(94) is divided by (0 - (3 - 1)) + 68?
62
Let i(w) = 39*w**2 + 524*w + 62. Calculate the remainder when i(-14) is divided by 5.
0
Suppose 2*o + 2*d - 4 = 32, d - 4 = 0. Calculate the remainder when 525 is divided by o.
7
Suppose 2*p + 14 = 3*p. Suppose -p*x - 3*x = -34. What is the remainder when 27 is divided by x - 0 - (3 + (-6)/2)?
1
Let n(t) = t + 10. Let x be 21/7*(-4 + (5 - 0)). What is the remainder when 532 is divided by n(x)?
12
Let w(j) = 21*j - 33. Let z be w(9). Let u = z + -115. Calculate the remainder when u is divided by 7.
6
Let c = -342 - -669. Suppose -4*l + 299 = c. Let s = 24 + l. What is the remainder when 49 is divided by s?
15
Suppose 10 + 5 = 3*w. Suppose -o + w*a = -0*o - 34, 0 = 5*o - 4*a - 86. Calculate t